{"id":62,"date":"2024-07-09T11:39:29","date_gmt":"2024-07-09T11:39:29","guid":{"rendered":"https:\/\/anhermed.es\/?page_id=62"},"modified":"2026-01-20T17:27:00","modified_gmt":"2026-01-20T16:27:00","slug":"nuestro-centro","status":"publish","type":"page","link":"https:\/\/anhermed.es\/cat\/nuestro-centro\/","title":{"rendered":"El nostre centre"},"content":{"rendered":"<div data-elementor-type=\"wp-page\" data-elementor-id=\"62\" class=\"elementor elementor-62\" data-elementor-post-type=\"page\">\n\t\t\t\t<div class=\"elementor-element elementor-element-3f75978f e-flex e-con-boxed e-con e-parent\" data-id=\"3f75978f\" data-element_type=\"container\" data-settings=\"{&quot;background_background&quot;:&quot;classic&quot;}\">\n\t\t\t\t\t<div class=\"e-con-inner\">\n\t\t\t\t<div class=\"elementor-element elementor-element-55e69a13 elementor-widget elementor-widget-heading\" data-id=\"55e69a13\" data-element_type=\"widget\" data-widget_type=\"heading.default\">\n\t\t\t\t<div class=\"elementor-widget-container\">\n\t\t\t\t\t<h1 class=\"elementor-heading-title elementor-size-default\">El nostre centre<\/h1>\t\t\t\t<\/div>\n\t\t\t\t<\/div>\n\t\t\t\t\t<\/div>\n\t\t\t\t<\/div>\n\t\t<div class=\"elementor-element elementor-element-fc2e947 e-flex e-con-boxed e-con e-parent\" data-id=\"fc2e947\" data-element_type=\"container\" data-settings=\"{&quot;background_background&quot;:&quot;classic&quot;}\">\n\t\t\t\t\t<div class=\"e-con-inner\">\n\t\t<div class=\"elementor-element elementor-element-0ff0d7f e-con-full e-flex e-con e-child\" data-id=\"0ff0d7f\" data-element_type=\"container\">\n\t\t\t\t<div class=\"elementor-element elementor-element-d73b2c4 elementor-widget elementor-widget-heading\" data-id=\"d73b2c4\" data-element_type=\"widget\" data-widget_type=\"heading.default\">\n\t\t\t\t<div class=\"elementor-widget-container\">\n\t\t\t\t\t<h2 class=\"elementor-heading-title elementor-size-default\">Sobre el centre<\/h2>\t\t\t\t<\/div>\n\t\t\t\t<\/div>\n\t\t\t\t<div class=\"elementor-element elementor-element-7cff154 elementor-invisible elementor-widget elementor-widget-text-editor\" data-id=\"7cff154\" data-element_type=\"widget\" data-settings=\"{&quot;_animation&quot;:&quot;fadeIn&quot;}\" data-widget_type=\"text-editor.default\">\n\t\t\t\t<div class=\"elementor-widget-container\">\n\t\t\t\t\t\t\t\t\t<p style=\"text-align: left;\">Les professionals d&#039;ANHERMED CENTRE M\u00c8DIC EST\u00c8TIC prestem servei a Sabadell des de l&#039;any 2009 sempre amb la mateixa filosofia: professionalitat, seguretat i qualitat.<\/p><p>PROFESSIONALITAT: perqu\u00e8 al nostre centre trobar\u00e0s un equip estable, sense rotacions constants, que coneix b\u00e9 tots els seus clients.<\/p><p>SEGURETAT: els nostres tractaments est\u00e8tics els realitzen els nostres professionals amb una \u00e0mplia experi\u00e8ncia en l&#039;\u00fas d&#039;aparells. Els tractaments m\u00e8dics que oferim es realitzen directament per una professional m\u00e8dica a les nostres instal\u00b7lacions. El nostre centre reuneix totes les garanties i compta amb els requisits t\u00e8cnics i legals que exigeix ladministraci\u00f3.<\/p><p>QUALITAT: el nostre lloc de treball \u00e9s el teu cos i aix\u00f2 ens obliga a oferir-te la m\u00e0xima qualitat en qualsevol tractament, per trivial que sembli. La nostra maquin\u00e0ria i instal\u00b7lacions es renoven per incorporar les millors novetats del mercat.<\/p>\t\t\t\t\t\t\t\t<\/div>\n\t\t\t\t<\/div>\n\t\t\t\t<\/div>\n\t\t<div class=\"elementor-element elementor-element-50e0e5f e-con-full e-flex e-con e-child\" data-id=\"50e0e5f\" data-element_type=\"container\">\n\t\t\t\t<div class=\"elementor-element elementor-element-4d95d8c elementor-invisible elementor-widget elementor-widget-image\" data-id=\"4d95d8c\" data-element_type=\"widget\" data-settings=\"{&quot;_animation&quot;:&quot;fadeInRight&quot;}\" data-widget_type=\"image.default\">\n\t\t\t\t<div class=\"elementor-widget-container\">\n\t\t\t\t\t\t\t\t\t\t\t\t\t\t\t<img decoding=\"async\" src=\"https:\/\/anhermed.es\/wp-content\/uploads\/elementor\/thumbs\/31-r42j2vei30xlh54gmm4g0ohfwlgoe7j8qjf324apwm.jpg\" title=\"31\" alt=\"31\" loading=\"lazy\" \/>\t\t\t\t\t\t\t\t\t\t\t\t\t\t\t<\/div>\n\t\t\t\t<\/div>\n\t\t\t\t<\/div>\n\t\t\t\t\t<\/div>\n\t\t\t\t<\/div>\n\t\t<div class=\"elementor-element elementor-element-391b1333 e-flex e-con-boxed e-con e-parent\" data-id=\"391b1333\" data-element_type=\"container\" data-settings=\"{&quot;background_background&quot;:&quot;classic&quot;}\">\n\t\t\t\t\t<div class=\"e-con-inner\">\n\t\t\t\t<div class=\"elementor-element elementor-element-7f71314a elementor-widget elementor-widget-heading\" data-id=\"7f71314a\" data-element_type=\"widget\" data-widget_type=\"heading.default\">\n\t\t\t\t<div class=\"elementor-widget-container\">\n\t\t\t\t\t<h3 class=\"elementor-heading-title elementor-size-default\">Contacta amb nosaltres i reserva la teva cita aqu\u00ed<\/h3>\t\t\t\t<\/div>\n\t\t\t\t<\/div>\n\t\t\t\t<div class=\"elementor-element elementor-element-7d568b71 elementor-align-center elementor-mobile-align-justify elementor-widget elementor-widget-button\" data-id=\"7d568b71\" data-element_type=\"widget\" data-widget_type=\"button.default\">\n\t\t\t\t<div class=\"elementor-widget-container\">\n\t\t\t\t\t\t\t\t\t<div class=\"elementor-button-wrapper\">\n\t\t\t\t\t<a class=\"elementor-button elementor-button-link elementor-size-sm\" href=\"https:\/\/anhermed.es\/cat\/contacto\/\">\n\t\t\t\t\t\t<span class=\"elementor-button-content-wrapper\">\n\t\t\t\t\t\t\t\t\t<span class=\"elementor-button-text\">Reserva cita<\/span>\n\t\t\t\t\t<\/span>\n\t\t\t\t\t<\/a>\n\t\t\t\t<\/div>\n\t\t\t\t\t\t\t\t<\/div>\n\t\t\t\t<\/div>\n\t\t\t\t\t<\/div>\n\t\t\t\t<\/div>\n\t\t\t\t<\/div>","protected":false},"excerpt":{"rendered":"<p>Sobre el centre Les professionals d&#039;ANHERMED CENTRE M\u00c8DIC EST\u00c8TIC prestem servei a Sabadell des de l&#039;any 2009 sempre amb la mateixa filosofia: professionalitat, seguretat i qualitat. PROFESSIONALITAT: perqu\u00e8 al nostre centre trobar\u00e0s un equip estable, sense rotacions constants, que coneix b\u00e9 tots els seus clients. SEGURETAT: els nostres tractaments est\u00e8tics s\u00f3n realitzats per les nostres [\u2026]<\/p>","protected":false},"author":5,"featured_media":0,"parent":0,"menu_order":0,"comment_status":"closed","ping_status":"closed","template":"","meta":{"footnotes":""},"class_list":["post-62","page","type-page","status-publish","hentry"],"yoast_head":"<!-- This site is optimized with the Yoast SEO plugin v26.8 - https:\/\/yoast.com\/product\/yoast-seo-wordpress\/ -->\n<title>Nuestro centro - Anhermed<\/title>\n<meta name=\"description\" content=\"Centro Anhermed: atenci\u00f3n m\u00e9dica especializada, trato cercano y tecnolog\u00eda avanzada para cuidar tu salud con confianza y profesionalidad.\" \/>\n<meta name=\"robots\" content=\"index, follow, max-snippet:-1, max-image-preview:large, max-video-preview:-1\" \/>\n<link rel=\"canonical\" href=\"https:\/\/anhermed.es\/cat\/nuestro-centro\/\" \/>\n<meta property=\"og:locale\" content=\"ca_ES\" \/>\n<meta property=\"og:type\" content=\"article\" \/>\n<meta property=\"og:title\" content=\"Nuestro centro - Anhermed\" \/>\n<meta property=\"og:description\" content=\"Centro Anhermed: atenci\u00f3n m\u00e9dica especializada, trato cercano y tecnolog\u00eda avanzada para cuidar tu salud con confianza y profesionalidad.\" \/>\n<meta property=\"og:url\" content=\"https:\/\/anhermed.es\/cat\/nuestro-centro\/\" \/>\n<meta property=\"og:site_name\" content=\"Anhermed\" \/>\n<meta property=\"article:modified_time\" content=\"2026-01-20T16:27:00+00:00\" \/>\n<meta property=\"og:image\" content=\"https:\/\/anhermed.es\/wp-content\/uploads\/elementor\/thumbs\/31-qqw7yg0isawvkzlnqqs2up8szfcdh0kf23uqwiogx2.jpg\" \/>\n<meta name=\"twitter:card\" content=\"summary_large_image\" \/>\n<meta name=\"twitter:label1\" content=\"Temps estimat de lectura\" \/>\n\t<meta name=\"twitter:data1\" content=\"1 minut\" \/>\n<script type=\"application\/ld+json\" class=\"yoast-schema-graph\">{\"@context\":\"https:\/\/schema.org\",\"@graph\":[{\"@type\":\"WebPage\",\"@id\":\"https:\/\/anhermed.es\/nuestro-centro\/\",\"url\":\"https:\/\/anhermed.es\/nuestro-centro\/\",\"name\":\"Nuestro centro - Anhermed\",\"isPartOf\":{\"@id\":\"https:\/\/anhermed.es\/#website\"},\"primaryImageOfPage\":{\"@id\":\"https:\/\/anhermed.es\/nuestro-centro\/#primaryimage\"},\"image\":{\"@id\":\"https:\/\/anhermed.es\/nuestro-centro\/#primaryimage\"},\"thumbnailUrl\":\"https:\/\/anhermed.es\/wp-content\/uploads\/elementor\/thumbs\/31-qqw7yg0isawvkzlnqqs2up8szfcdh0kf23uqwiogx2.jpg\",\"datePublished\":\"2024-07-09T11:39:29+00:00\",\"dateModified\":\"2026-01-20T16:27:00+00:00\",\"description\":\"Centro Anhermed: atenci\u00f3n m\u00e9dica especializada, trato cercano y tecnolog\u00eda avanzada para cuidar tu salud con confianza y profesionalidad.\",\"breadcrumb\":{\"@id\":\"https:\/\/anhermed.es\/nuestro-centro\/#breadcrumb\"},\"inLanguage\":\"ca\",\"potentialAction\":[{\"@type\":\"ReadAction\",\"target\":[\"https:\/\/anhermed.es\/nuestro-centro\/\"]}]},{\"@type\":\"ImageObject\",\"inLanguage\":\"ca\",\"@id\":\"https:\/\/anhermed.es\/nuestro-centro\/#primaryimage\",\"url\":\"https:\/\/anhermed.es\/wp-content\/uploads\/elementor\/thumbs\/31-qqw7yg0isawvkzlnqqs2up8szfcdh0kf23uqwiogx2.jpg\",\"contentUrl\":\"https:\/\/anhermed.es\/wp-content\/uploads\/elementor\/thumbs\/31-qqw7yg0isawvkzlnqqs2up8szfcdh0kf23uqwiogx2.jpg\"},{\"@type\":\"BreadcrumbList\",\"@id\":\"https:\/\/anhermed.es\/nuestro-centro\/#breadcrumb\",\"itemListElement\":[{\"@type\":\"ListItem\",\"position\":1,\"name\":\"Portada\",\"item\":\"https:\/\/anhermed.es\/\"},{\"@type\":\"ListItem\",\"position\":2,\"name\":\"Nuestro centro\"}]},{\"@type\":\"WebSite\",\"@id\":\"https:\/\/anhermed.es\/#website\",\"url\":\"https:\/\/anhermed.es\/\",\"name\":\"Anhermed\",\"description\":\"\",\"publisher\":{\"@id\":\"https:\/\/anhermed.es\/#organization\"},\"potentialAction\":[{\"@type\":\"SearchAction\",\"target\":{\"@type\":\"EntryPoint\",\"urlTemplate\":\"https:\/\/anhermed.es\/?s={search_term_string}\"},\"query-input\":{\"@type\":\"PropertyValueSpecification\",\"valueRequired\":true,\"valueName\":\"search_term_string\"}}],\"inLanguage\":\"ca\"},{\"@type\":\"Organization\",\"@id\":\"https:\/\/anhermed.es\/#organization\",\"name\":\"Anhermed\",\"url\":\"https:\/\/anhermed.es\/\",\"logo\":{\"@type\":\"ImageObject\",\"inLanguage\":\"ca\",\"@id\":\"https:\/\/anhermed.es\/#\/schema\/logo\/image\/\",\"url\":\"https:\/\/anhermed.es\/wp-content\/uploads\/2024\/07\/ANHERMED-1.svg\",\"contentUrl\":\"https:\/\/anhermed.es\/wp-content\/uploads\/2024\/07\/ANHERMED-1.svg\",\"width\":209,\"height\":215,\"caption\":\"Anhermed\"},\"image\":{\"@id\":\"https:\/\/anhermed.es\/#\/schema\/logo\/image\/\"}}]}<\/script>\n<!-- \/ Yoast SEO plugin. -->","yoast_head_json":{"title":"Nuestro centro - Anhermed","description":"Centro Anhermed: atenci\u00f3n m\u00e9dica especializada, trato cercano y tecnolog\u00eda avanzada para cuidar tu salud con confianza y profesionalidad.","robots":{"index":"index","follow":"follow","max-snippet":"max-snippet:-1","max-image-preview":"max-image-preview:large","max-video-preview":"max-video-preview:-1"},"canonical":"https:\/\/anhermed.es\/cat\/nuestro-centro\/","og_locale":"ca_ES","og_type":"article","og_title":"Nuestro centro - Anhermed","og_description":"Centro Anhermed: atenci\u00f3n m\u00e9dica especializada, trato cercano y tecnolog\u00eda avanzada para cuidar tu salud con confianza y profesionalidad.","og_url":"https:\/\/anhermed.es\/cat\/nuestro-centro\/","og_site_name":"Anhermed","article_modified_time":"2026-01-20T16:27:00+00:00","og_image":[{"url":"https:\/\/anhermed.es\/wp-content\/uploads\/elementor\/thumbs\/31-qqw7yg0isawvkzlnqqs2up8szfcdh0kf23uqwiogx2.jpg","type":"","width":"","height":""}],"twitter_card":"summary_large_image","twitter_misc":{"Temps estimat de lectura":"1 minut"},"schema":{"@context":"https:\/\/schema.org","@graph":[{"@type":"WebPage","@id":"https:\/\/anhermed.es\/nuestro-centro\/","url":"https:\/\/anhermed.es\/nuestro-centro\/","name":"Nuestro centro - Anhermed","isPartOf":{"@id":"https:\/\/anhermed.es\/#website"},"primaryImageOfPage":{"@id":"https:\/\/anhermed.es\/nuestro-centro\/#primaryimage"},"image":{"@id":"https:\/\/anhermed.es\/nuestro-centro\/#primaryimage"},"thumbnailUrl":"https:\/\/anhermed.es\/wp-content\/uploads\/elementor\/thumbs\/31-qqw7yg0isawvkzlnqqs2up8szfcdh0kf23uqwiogx2.jpg","datePublished":"2024-07-09T11:39:29+00:00","dateModified":"2026-01-20T16:27:00+00:00","description":"Centro Anhermed: atenci\u00f3n m\u00e9dica especializada, trato cercano y tecnolog\u00eda avanzada para cuidar tu salud con confianza y profesionalidad.","breadcrumb":{"@id":"https:\/\/anhermed.es\/nuestro-centro\/#breadcrumb"},"inLanguage":"ca","potentialAction":[{"@type":"ReadAction","target":["https:\/\/anhermed.es\/nuestro-centro\/"]}]},{"@type":"ImageObject","inLanguage":"ca","@id":"https:\/\/anhermed.es\/nuestro-centro\/#primaryimage","url":"https:\/\/anhermed.es\/wp-content\/uploads\/elementor\/thumbs\/31-qqw7yg0isawvkzlnqqs2up8szfcdh0kf23uqwiogx2.jpg","contentUrl":"https:\/\/anhermed.es\/wp-content\/uploads\/elementor\/thumbs\/31-qqw7yg0isawvkzlnqqs2up8szfcdh0kf23uqwiogx2.jpg"},{"@type":"BreadcrumbList","@id":"https:\/\/anhermed.es\/nuestro-centro\/#breadcrumb","itemListElement":[{"@type":"ListItem","position":1,"name":"Portada","item":"https:\/\/anhermed.es\/"},{"@type":"ListItem","position":2,"name":"Nuestro centro"}]},{"@type":"WebSite","@id":"https:\/\/anhermed.es\/#website","url":"https:\/\/anhermed.es\/","name":"Anhermed","description":"","publisher":{"@id":"https:\/\/anhermed.es\/#organization"},"potentialAction":[{"@type":"SearchAction","target":{"@type":"EntryPoint","urlTemplate":"https:\/\/anhermed.es\/?s={search_term_string}"},"query-input":{"@type":"PropertyValueSpecification","valueRequired":true,"valueName":"search_term_string"}}],"inLanguage":"ca"},{"@type":"Organization","@id":"https:\/\/anhermed.es\/#organization","name":"Anhermed","url":"https:\/\/anhermed.es\/","logo":{"@type":"ImageObject","inLanguage":"ca","@id":"https:\/\/anhermed.es\/#\/schema\/logo\/image\/","url":"https:\/\/anhermed.es\/wp-content\/uploads\/2024\/07\/ANHERMED-1.svg","contentUrl":"https:\/\/anhermed.es\/wp-content\/uploads\/2024\/07\/ANHERMED-1.svg","width":209,"height":215,"caption":"Anhermed"},"image":{"@id":"https:\/\/anhermed.es\/#\/schema\/logo\/image\/"}}]}},"_links":{"self":[{"href":"https:\/\/anhermed.es\/cat\/wp-json\/wp\/v2\/pages\/62","targetHints":{"allow":["GET"]}}],"collection":[{"href":"https:\/\/anhermed.es\/cat\/wp-json\/wp\/v2\/pages"}],"about":[{"href":"https:\/\/anhermed.es\/cat\/wp-json\/wp\/v2\/types\/page"}],"author":[{"embeddable":true,"href":"https:\/\/anhermed.es\/cat\/wp-json\/wp\/v2\/users\/5"}],"replies":[{"embeddable":true,"href":"https:\/\/anhermed.es\/cat\/wp-json\/wp\/v2\/comments?post=62"}],"version-history":[{"count":30,"href":"https:\/\/anhermed.es\/cat\/wp-json\/wp\/v2\/pages\/62\/revisions"}],"predecessor-version":[{"id":1877,"href":"https:\/\/anhermed.es\/cat\/wp-json\/wp\/v2\/pages\/62\/revisions\/1877"}],"wp:attachment":[{"href":"https:\/\/anhermed.es\/cat\/wp-json\/wp\/v2\/media?parent=62"}],"curies":[{"name":"wp","href":"https:\/\/api.w.org\/{rel}","templated":true}]}}