{"id":1530,"date":"2024-08-03T16:23:59","date_gmt":"2024-08-03T16:23:59","guid":{"rendered":"https:\/\/anhermed.es\/?page_id=1530"},"modified":"2026-01-20T18:23:54","modified_gmt":"2026-01-20T17:23:54","slug":"declaracion-de-accesibilidad","status":"publish","type":"page","link":"https:\/\/anhermed.es\/cat\/declaracion-de-accesibilidad\/","title":{"rendered":"Declaraci\u00f3 d&#039;accessibilitat"},"content":{"rendered":"<div data-elementor-type=\"wp-page\" data-elementor-id=\"1530\" class=\"elementor elementor-1530\" data-elementor-post-type=\"page\">\n\t\t\t\t<div class=\"elementor-element elementor-element-f93e42f e-flex e-con-boxed e-con e-parent\" data-id=\"f93e42f\" data-element_type=\"container\" data-settings=\"{&quot;background_background&quot;:&quot;classic&quot;}\">\n\t\t\t\t\t<div class=\"e-con-inner\">\n\t\t\t\t<div class=\"elementor-element elementor-element-2408a80 elementor-widget elementor-widget-heading\" data-id=\"2408a80\" data-element_type=\"widget\" data-widget_type=\"heading.default\">\n\t\t\t\t<div class=\"elementor-widget-container\">\n\t\t\t\t\t<h1 class=\"elementor-heading-title elementor-size-default\">Declaraci\u00f3 d&#039;accessibilitat<\/h1>\t\t\t\t<\/div>\n\t\t\t\t<\/div>\n\t\t\t\t\t<\/div>\n\t\t\t\t<\/div>\n\t\t<div class=\"elementor-element elementor-element-0d1b3e0 e-flex e-con-boxed e-con e-parent\" data-id=\"0d1b3e0\" data-element_type=\"container\">\n\t\t\t\t\t<div class=\"e-con-inner\">\n\t\t\t\t<div class=\"elementor-element elementor-element-27944e0 elementor-widget elementor-widget-text-editor\" data-id=\"27944e0\" data-element_type=\"widget\" data-widget_type=\"text-editor.default\">\n\t\t\t\t<div class=\"elementor-widget-container\">\n\t\t\t\t\t\t\t\t\t<p>ANA HERV\u00c1S MEDINA s&#039;ha comprom\u00e8s a fer accessible el vostre lloc web, de conformitat amb el Reial Decret 1112\/2018, de 7 de setembre, sobre accessibilitat dels llocs web i aplicacions per a dispositius m\u00f2bils del sector p\u00fablic. Aquesta declaraci\u00f3 d&#039;accessibilitat s&#039;aplica a aquest web.<\/p><h2 class=\"wp-block-heading\">Situaci\u00f3 de compliment<\/h2><p>Aquest lloc web est\u00e0 desenvolupat segons el RD 1112\/2018<\/p><h2 class=\"wp-block-heading\">Preparaci\u00f3 per a la seg\u00fcent declaraci\u00f3 d&#039;accessibilitat<\/h2><p>Aquesta declaraci\u00f3 va ser preparada el 20 de maig del 2023.<\/p><p>El m\u00e8tode emprat per preparar la declaraci\u00f3 ha estat una autoavaluaci\u00f3.<\/p><h2 class=\"wp-block-heading\">Contingut opcional<\/h2><p>Podeu realitzar comunicacions sobre requisits d&#039;accessibilitat (article 10.2.a del RD 1112\/2018) com:<\/p><ul><li>Informar sobre qualsevol possible incompliment per part d&#039;aquest lloc web<\/li><li>Transmetre altres dificultats d&#039;acc\u00e9s al contingut<\/li><li>Formular qualsevol altra consulta o suggeriment de millora relativa a l&#039;accessibilitat del lloc web a trav\u00e9s del\u00a0<a href=\"\/cat\/contacto\/\">formulari de contacte<\/a> d&#039;aquest lloc web oa trav\u00e9s del n\u00famero de tel\u00e8fon: <a href=\"tel:637756978\">637756978<\/a><\/li><\/ul><p>Podeu presentar:<\/p><ul><li>Queixa relativa al compliment dels requisits del RD 1112\/2018<\/li><li>Sol\u00b7licitud d&#039;informaci\u00f3 accessible relativa a:<ul><li>Continguts que estan exclosos de l\u00e0mbit daplicaci\u00f3 del RD 1112\/2018 segons el que estableix larticle 3, apartat 4<\/li><li>Continguts que estan exempts del compliment dels requisits d&#039;accessibilitat per imposar una c\u00e0rrega desproporcionada<\/li><li>A la Sol\u00b7licitud d&#039;informaci\u00f3 accessible, cal concretar, amb tota claredat, els fets, les raons i la petici\u00f3 que permetin constatar que es tracta d&#039;una sol\u00b7licitud raonable i leg\u00edtima.<\/li><\/ul><\/li><\/ul><p>Les queixes i reclamacions sobre informaci\u00f3 accessible es realitzaran a trav\u00e9s de la seu electr\u00f2nica (<a href=\"https:\/\/sede.red.gob.es\/procedimientos\/quejas-y-sugerencias\" target=\"_blank\" rel=\"noreferrer noopener\">https:\/\/sede.red.gob.es\/procedimientos\/quejas-y-sugerencias<\/a>), i seran rebudes i tractades per l&#039;\u00e0rea de Sistemes de la Informaci\u00f3 de Red.es.<\/p><h2 class=\"wp-block-heading\">Observacions i dades de contacte<\/h2><ul><li>Si voleu canviar la mida de lletra del text als principals navegadors gr\u00e0fics utilitzeu els men\u00fas seg\u00fcents:<\/li><li>Safari: Veure &gt; Fer el text m\u00e9s gran<\/li><li>Chrome: Controla la p\u00e0gina actual &gt; Mida del text<\/li><\/ul><p>Per modificar la mida de tot a la p\u00e0gina:<\/p><ul><li>Ctrl++ per augmentar-ho<\/li><li>Ctrl + \u2013 per disminuir-ho<\/li><li>Ctrl + 0 restaura la mida original del text<\/li><li>Si el que voleu \u00e9s anul\u00b7lar el full d&#039;estils o modificar el color del text, podeu consultar la p\u00e0gina How to Change Text Size o Colors de la WAI, que es pot llegir tradu\u00eft a l&#039;espanyol a Com canviar la mida del text o colors?<\/li><\/ul>\t\t\t\t\t\t\t\t<\/div>\n\t\t\t\t<\/div>\n\t\t\t\t\t<\/div>\n\t\t\t\t<\/div>\n\t\t\t\t<\/div>","protected":false},"excerpt":{"rendered":"<p>ANA HERV\u00c1S MEDINA s&#039;ha comprom\u00e8s a fer accessible el vostre lloc web, de conformitat amb el Reial Decret 1112\/2018, de 7 de setembre, sobre accessibilitat dels llocs web i aplicacions per a dispositius m\u00f2bils del sector p\u00fablic. Aquesta declaraci\u00f3 d&#039;accessibilitat s&#039;aplica a aquest web. Situaci\u00f3 de compliment Aquest lloc web est\u00e0 desenvolupat de [\u2026]<\/p>","protected":false},"author":5,"featured_media":0,"parent":0,"menu_order":0,"comment_status":"closed","ping_status":"closed","template":"","meta":{"footnotes":""},"class_list":["post-1530","page","type-page","status-publish","hentry"],"yoast_head":"<!-- This site is optimized with the Yoast SEO plugin v26.8 - https:\/\/yoast.com\/product\/yoast-seo-wordpress\/ -->\n<title>Declaraci\u00f3n de accesibilidad - Anhermed<\/title>\n<meta name=\"description\" content=\"Declaraci\u00f3n de accesibilidad de Anhermed con informaci\u00f3n sobre el compromiso del centro para garantizar un acceso web inclusivo y usable.\" \/>\n<meta name=\"robots\" content=\"index, follow, max-snippet:-1, max-image-preview:large, max-video-preview:-1\" \/>\n<link rel=\"canonical\" href=\"https:\/\/anhermed.es\/cat\/declaracion-de-accesibilidad\/\" \/>\n<meta property=\"og:locale\" content=\"ca_ES\" \/>\n<meta property=\"og:type\" content=\"article\" \/>\n<meta property=\"og:title\" content=\"Declaraci\u00f3n de accesibilidad - Anhermed\" \/>\n<meta property=\"og:description\" content=\"Declaraci\u00f3n de accesibilidad de Anhermed con informaci\u00f3n sobre el compromiso del centro para garantizar un acceso web inclusivo y usable.\" \/>\n<meta property=\"og:url\" content=\"https:\/\/anhermed.es\/cat\/declaracion-de-accesibilidad\/\" \/>\n<meta property=\"og:site_name\" content=\"Anhermed\" \/>\n<meta property=\"article:modified_time\" content=\"2026-01-20T17:23:54+00:00\" \/>\n<meta name=\"twitter:card\" content=\"summary_large_image\" \/>\n<meta name=\"twitter:label1\" content=\"Temps estimat de lectura\" \/>\n\t<meta name=\"twitter:data1\" content=\"2 minuts\" \/>\n<script type=\"application\/ld+json\" class=\"yoast-schema-graph\">{\"@context\":\"https:\/\/schema.org\",\"@graph\":[{\"@type\":\"WebPage\",\"@id\":\"https:\/\/anhermed.es\/declaracion-de-accesibilidad\/\",\"url\":\"https:\/\/anhermed.es\/declaracion-de-accesibilidad\/\",\"name\":\"Declaraci\u00f3n de accesibilidad - Anhermed\",\"isPartOf\":{\"@id\":\"https:\/\/anhermed.es\/#website\"},\"datePublished\":\"2024-08-03T16:23:59+00:00\",\"dateModified\":\"2026-01-20T17:23:54+00:00\",\"description\":\"Declaraci\u00f3n de accesibilidad de Anhermed con informaci\u00f3n sobre el compromiso del centro para garantizar un acceso web inclusivo y usable.\",\"breadcrumb\":{\"@id\":\"https:\/\/anhermed.es\/declaracion-de-accesibilidad\/#breadcrumb\"},\"inLanguage\":\"ca\",\"potentialAction\":[{\"@type\":\"ReadAction\",\"target\":[\"https:\/\/anhermed.es\/declaracion-de-accesibilidad\/\"]}]},{\"@type\":\"BreadcrumbList\",\"@id\":\"https:\/\/anhermed.es\/declaracion-de-accesibilidad\/#breadcrumb\",\"itemListElement\":[{\"@type\":\"ListItem\",\"position\":1,\"name\":\"Portada\",\"item\":\"https:\/\/anhermed.es\/\"},{\"@type\":\"ListItem\",\"position\":2,\"name\":\"Declaraci\u00f3n de accesibilidad\"}]},{\"@type\":\"WebSite\",\"@id\":\"https:\/\/anhermed.es\/#website\",\"url\":\"https:\/\/anhermed.es\/\",\"name\":\"Anhermed\",\"description\":\"\",\"publisher\":{\"@id\":\"https:\/\/anhermed.es\/#organization\"},\"potentialAction\":[{\"@type\":\"SearchAction\",\"target\":{\"@type\":\"EntryPoint\",\"urlTemplate\":\"https:\/\/anhermed.es\/?s={search_term_string}\"},\"query-input\":{\"@type\":\"PropertyValueSpecification\",\"valueRequired\":true,\"valueName\":\"search_term_string\"}}],\"inLanguage\":\"ca\"},{\"@type\":\"Organization\",\"@id\":\"https:\/\/anhermed.es\/#organization\",\"name\":\"Anhermed\",\"url\":\"https:\/\/anhermed.es\/\",\"logo\":{\"@type\":\"ImageObject\",\"inLanguage\":\"ca\",\"@id\":\"https:\/\/anhermed.es\/#\/schema\/logo\/image\/\",\"url\":\"https:\/\/anhermed.es\/wp-content\/uploads\/2024\/07\/ANHERMED-1.svg\",\"contentUrl\":\"https:\/\/anhermed.es\/wp-content\/uploads\/2024\/07\/ANHERMED-1.svg\",\"width\":209,\"height\":215,\"caption\":\"Anhermed\"},\"image\":{\"@id\":\"https:\/\/anhermed.es\/#\/schema\/logo\/image\/\"}}]}<\/script>\n<!-- \/ Yoast SEO plugin. -->","yoast_head_json":{"title":"Declaraci\u00f3n de accesibilidad - Anhermed","description":"Declaraci\u00f3n de accesibilidad de Anhermed con informaci\u00f3n sobre el compromiso del centro para garantizar un acceso web inclusivo y usable.","robots":{"index":"index","follow":"follow","max-snippet":"max-snippet:-1","max-image-preview":"max-image-preview:large","max-video-preview":"max-video-preview:-1"},"canonical":"https:\/\/anhermed.es\/cat\/declaracion-de-accesibilidad\/","og_locale":"ca_ES","og_type":"article","og_title":"Declaraci\u00f3n de accesibilidad - Anhermed","og_description":"Declaraci\u00f3n de accesibilidad de Anhermed con informaci\u00f3n sobre el compromiso del centro para garantizar un acceso web inclusivo y usable.","og_url":"https:\/\/anhermed.es\/cat\/declaracion-de-accesibilidad\/","og_site_name":"Anhermed","article_modified_time":"2026-01-20T17:23:54+00:00","twitter_card":"summary_large_image","twitter_misc":{"Temps estimat de lectura":"2 minuts"},"schema":{"@context":"https:\/\/schema.org","@graph":[{"@type":"WebPage","@id":"https:\/\/anhermed.es\/declaracion-de-accesibilidad\/","url":"https:\/\/anhermed.es\/declaracion-de-accesibilidad\/","name":"Declaraci\u00f3n de accesibilidad - Anhermed","isPartOf":{"@id":"https:\/\/anhermed.es\/#website"},"datePublished":"2024-08-03T16:23:59+00:00","dateModified":"2026-01-20T17:23:54+00:00","description":"Declaraci\u00f3n de accesibilidad de Anhermed con informaci\u00f3n sobre el compromiso del centro para garantizar un acceso web inclusivo y usable.","breadcrumb":{"@id":"https:\/\/anhermed.es\/declaracion-de-accesibilidad\/#breadcrumb"},"inLanguage":"ca","potentialAction":[{"@type":"ReadAction","target":["https:\/\/anhermed.es\/declaracion-de-accesibilidad\/"]}]},{"@type":"BreadcrumbList","@id":"https:\/\/anhermed.es\/declaracion-de-accesibilidad\/#breadcrumb","itemListElement":[{"@type":"ListItem","position":1,"name":"Portada","item":"https:\/\/anhermed.es\/"},{"@type":"ListItem","position":2,"name":"Declaraci\u00f3n de accesibilidad"}]},{"@type":"WebSite","@id":"https:\/\/anhermed.es\/#website","url":"https:\/\/anhermed.es\/","name":"Anhermed","description":"","publisher":{"@id":"https:\/\/anhermed.es\/#organization"},"potentialAction":[{"@type":"SearchAction","target":{"@type":"EntryPoint","urlTemplate":"https:\/\/anhermed.es\/?s={search_term_string}"},"query-input":{"@type":"PropertyValueSpecification","valueRequired":true,"valueName":"search_term_string"}}],"inLanguage":"ca"},{"@type":"Organization","@id":"https:\/\/anhermed.es\/#organization","name":"Anhermed","url":"https:\/\/anhermed.es\/","logo":{"@type":"ImageObject","inLanguage":"ca","@id":"https:\/\/anhermed.es\/#\/schema\/logo\/image\/","url":"https:\/\/anhermed.es\/wp-content\/uploads\/2024\/07\/ANHERMED-1.svg","contentUrl":"https:\/\/anhermed.es\/wp-content\/uploads\/2024\/07\/ANHERMED-1.svg","width":209,"height":215,"caption":"Anhermed"},"image":{"@id":"https:\/\/anhermed.es\/#\/schema\/logo\/image\/"}}]}},"_links":{"self":[{"href":"https:\/\/anhermed.es\/cat\/wp-json\/wp\/v2\/pages\/1530","targetHints":{"allow":["GET"]}}],"collection":[{"href":"https:\/\/anhermed.es\/cat\/wp-json\/wp\/v2\/pages"}],"about":[{"href":"https:\/\/anhermed.es\/cat\/wp-json\/wp\/v2\/types\/page"}],"author":[{"embeddable":true,"href":"https:\/\/anhermed.es\/cat\/wp-json\/wp\/v2\/users\/5"}],"replies":[{"embeddable":true,"href":"https:\/\/anhermed.es\/cat\/wp-json\/wp\/v2\/comments?post=1530"}],"version-history":[{"count":14,"href":"https:\/\/anhermed.es\/cat\/wp-json\/wp\/v2\/pages\/1530\/revisions"}],"predecessor-version":[{"id":1889,"href":"https:\/\/anhermed.es\/cat\/wp-json\/wp\/v2\/pages\/1530\/revisions\/1889"}],"wp:attachment":[{"href":"https:\/\/anhermed.es\/cat\/wp-json\/wp\/v2\/media?parent=1530"}],"curies":[{"name":"wp","href":"https:\/\/api.w.org\/{rel}","templated":true}]}}

Declaració d&#039;accessibilitat

<div data-elementor-type="wp-page" data-elementor-id="1530" class="elementor elementor-1530" data-elementor-post-type="page">
				<div class="elementor-element elementor-element-f93e42f e-flex e-con-boxed e-con e-parent" data-id="f93e42f" data-element_type="container" data-settings="{&quot;background_background&quot;:&quot;classic&quot;}">
					<div class="e-con-inner">
				<div class="elementor-element elementor-element-2408a80 elementor-widget elementor-widget-heading" data-id="2408a80" data-element_type="widget" data-widget_type="heading.default">
				<div class="elementor-widget-container">
					<h1 class="elementor-heading-title elementor-size-default">Declaració d&#039;accessibilitat</h1>				</div>
				</div>
					</div>
				</div>
		<div class="elementor-element elementor-element-0d1b3e0 e-flex e-con-boxed e-con e-parent" data-id="0d1b3e0" data-element_type="container">
					<div class="e-con-inner">
				<div class="elementor-element elementor-element-27944e0 elementor-widget elementor-widget-text-editor" data-id="27944e0" data-element_type="widget" data-widget_type="text-editor.default">
				<div class="elementor-widget-container">
									<p>ANA HERVÁS MEDINA s&#039;ha compromès a fer accessible el vostre lloc web, de conformitat amb el Reial Decret 1112/2018, de 7 de setembre, sobre accessibilitat dels llocs web i aplicacions per a dispositius mòbils del sector públic. Aquesta declaració d&#039;accessibilitat s&#039;aplica a aquest web.</p><h2 class="wp-block-heading">Situació de compliment</h2><p>Aquest lloc web està desenvolupat segons el RD 1112/2018</p><h2 class="wp-block-heading">Preparació per a la següent declaració d&#039;accessibilitat</h2><p>Aquesta declaració va ser preparada el 20 de maig del 2023.</p><p>El mètode emprat per preparar la declaració ha estat una autoavaluació.</p><h2 class="wp-block-heading">Contingut opcional</h2><p>Podeu realitzar comunicacions sobre requisits d&#039;accessibilitat (article 10.2.a del RD 1112/2018) com:</p><ul><li>Informar sobre qualsevol possible incompliment per part d&#039;aquest lloc web</li><li>Transmetre altres dificultats d&#039;accés al contingut</li><li>Formular qualsevol altra consulta o suggeriment de millora relativa a l&#039;accessibilitat del lloc web a través del <a href="/cat/contacto/">formulari de contacte</a> d&#039;aquest lloc web oa través del número de telèfon: <a href="tel:637756978">637756978</a></li></ul><p>Podeu presentar:</p><ul><li>Queixa relativa al compliment dels requisits del RD 1112/2018</li><li>Sol·licitud d&#039;informació accessible relativa a:<ul><li>Continguts que estan exclosos de làmbit daplicació del RD 1112/2018 segons el que estableix larticle 3, apartat 4</li><li>Continguts que estan exempts del compliment dels requisits d&#039;accessibilitat per imposar una càrrega desproporcionada</li><li>A la Sol·licitud d&#039;informació accessible, cal concretar, amb tota claredat, els fets, les raons i la petició que permetin constatar que es tracta d&#039;una sol·licitud raonable i legítima.</li></ul></li></ul><p>Les queixes i reclamacions sobre informació accessible es realitzaran a través de la seu electrònica (<a href="https://sede.red.gob.es/procedimientos/quejas-y-sugerencias" target="_blank" rel="noreferrer noopener">https://sede.red.gob.es/procedimientos/quejas-y-sugerencias</a>), i seran rebudes i tractades per l&#039;àrea de Sistemes de la Informació de Red.es.</p><h2 class="wp-block-heading">Observacions i dades de contacte</h2><ul><li>Si voleu canviar la mida de lletra del text als principals navegadors gràfics utilitzeu els menús següents:</li><li>Safari: Veure &gt; Fer el text més gran</li><li>Chrome: Controla la pàgina actual &gt; Mida del text</li></ul><p>Per modificar la mida de tot a la pàgina:</p><ul><li>Ctrl++ per augmentar-ho</li><li>Ctrl + – per disminuir-ho</li><li>Ctrl + 0 restaura la mida original del text</li><li>Si el que voleu és anul·lar el full d&#039;estils o modificar el color del text, podeu consultar la pàgina How to Change Text Size o Colors de la WAI, que es pot llegir traduït a l&#039;espanyol a Com canviar la mida del text o colors?</li></ul>								</div>
				</div>
					</div>
				</div>
				</div>

<p>ANA HERVÁS MEDINA s&#039;ha compromès a fer accessible el vostre lloc web, de conformitat amb el Reial Decret 1112/2018, de 7 de setembre, sobre accessibilitat dels llocs web i aplicacions per a dispositius mòbils del sector públic. Aquesta declaració d&#039;accessibilitat s&#039;aplica a aquest web. Situació de compliment Aquest lloc web està desenvolupat de […]</p>

<!-- This site is optimized with the Yoast SEO plugin v26.8 - https://yoast.com/product/yoast-seo-wordpress/ -->
<title>Declaración de accesibilidad - Anhermed</title>
<meta name="description" content="Declaración de accesibilidad de Anhermed con información sobre el compromiso del centro para garantizar un acceso web inclusivo y usable." />
<meta name="robots" content="index, follow, max-snippet:-1, max-image-preview:large, max-video-preview:-1" />
<link rel="canonical" href="https://anhermed.es/cat/declaracion-de-accesibilidad/" />
<meta property="og:locale" content="ca_ES" />
<meta property="og:type" content="article" />
<meta property="og:title" content="Declaración de accesibilidad - Anhermed" />
<meta property="og:description" content="Declaración de accesibilidad de Anhermed con información sobre el compromiso del centro para garantizar un acceso web inclusivo y usable." />
<meta property="og:url" content="https://anhermed.es/cat/declaracion-de-accesibilidad/" />
<meta property="og:site_name" content="Anhermed" />
<meta property="article:modified_time" content="2026-01-20T17:23:54+00:00" />
<meta name="twitter:card" content="summary_large_image" />
<meta name="twitter:label1" content="Temps estimat de lectura" />
	<meta name="twitter:data1" content="2 minuts" />
<script type="application/ld+json" class="yoast-schema-graph">{"@context":"https://schema.org","@graph":[{"@type":"WebPage","@id":"https://anhermed.es/declaracion-de-accesibilidad/","url":"https://anhermed.es/declaracion-de-accesibilidad/","name":"Declaración de accesibilidad - Anhermed","isPartOf":{"@id":"https://anhermed.es/#website"},"datePublished":"2024-08-03T16:23:59+00:00","dateModified":"2026-01-20T17:23:54+00:00","description":"Declaración de accesibilidad de Anhermed con información sobre el compromiso del centro para garantizar un acceso web inclusivo y usable.","breadcrumb":{"@id":"https://anhermed.es/declaracion-de-accesibilidad/#breadcrumb"},"inLanguage":"ca","potentialAction":[{"@type":"ReadAction","target":["https://anhermed.es/declaracion-de-accesibilidad/"]}]},{"@type":"BreadcrumbList","@id":"https://anhermed.es/declaracion-de-accesibilidad/#breadcrumb","itemListElement":[{"@type":"ListItem","position":1,"name":"Portada","item":"https://anhermed.es/"},{"@type":"ListItem","position":2,"name":"Declaración de accesibilidad"}]},{"@type":"WebSite","@id":"https://anhermed.es/#website","url":"https://anhermed.es/","name":"Anhermed","description":"","publisher":{"@id":"https://anhermed.es/#organization"},"potentialAction":[{"@type":"SearchAction","target":{"@type":"EntryPoint","urlTemplate":"https://anhermed.es/?s={search_term_string}"},"query-input":{"@type":"PropertyValueSpecification","valueRequired":true,"valueName":"search_term_string"}}],"inLanguage":"ca"},{"@type":"Organization","@id":"https://anhermed.es/#organization","name":"Anhermed","url":"https://anhermed.es/","logo":{"@type":"ImageObject","inLanguage":"ca","@id":"https://anhermed.es/#/schema/logo/image/","url":"https://anhermed.es/wp-content/uploads/2024/07/ANHERMED-1.svg","contentUrl":"https://anhermed.es/wp-content/uploads/2024/07/ANHERMED-1.svg","width":209,"height":215,"caption":"Anhermed"},"image":{"@id":"https://anhermed.es/#/schema/logo/image/"}}]}</script>
<!-- / Yoast SEO plugin. -->

Declaración de accesibilidad - Anhermed

Declaración de accesibilidad de Anhermed con información sobre el compromiso del centro para garantizar un acceso web inclusivo y usable.

Declaración de accesibilidad
